{"id":641,"date":"2024-06-17T10:45:30","date_gmt":"2024-06-17T09:45:30","guid":{"rendered":"http:\/\/demo.psicoweb.co\/menteclara\/about-us\/"},"modified":"2024-06-23T21:09:36","modified_gmt":"2024-06-23T20:09:36","slug":"equipo","status":"publish","type":"page","link":"https:\/\/demo.psicoweb.co\/menteclara\/equipo\/","title":{"rendered":"Equipo"},"content":{"rendered":"<section class=\"bde-section-641-100 bde-section bde-preset-1fb5fb5d-29bd-432d-99f3-ec742d1b56f0\">\n  \n  \n\t\n\n\n\n<div class=\"section-container\"><div class=\"bde-div-641-102 bde-div\">\n              \n  \n  \n\t\n\n  <div class=\"section-background-overlay\"><\/div>\n\n\n<div class=\"bde-button-641-104 bde-button\">\n    \n                                    \n    \n    \n    \n    \n            \n                    \n            \n            \n\n    \n    \n    \n    \n    \n    <a class=\"breakdance-link button-atom button-atom--custom bde-button__button\" href=\"#\" target=\"_self\" data-type=\"url\"  >\n\n    \n        <span class=\"button-atom__text\">\/Nuestro equipo<\/span>\n\n        \n        \n                <\/a>\n\n    \n\n\n<\/div><h1 class=\"bde-dual-heading-641-105 bde-dual-heading\">\n\n\n            <span data-style=\"primary\" class=\"dual-heading--primary  \">Somos un equipo<\/span>\n\n            <span data-style=\"secondary\" class=\"dual-heading--secondary  \">de psic\u00f3logas de La Palma<\/span>\n\n            <span data-style=\"primary\" class=\"dual-heading--primary  \">a tu servicio<\/span>\n\n\n\n<\/h1>\n<\/div><\/div>\n<\/section><section class=\"bde-section-641-106 bde-section\">\n  \n  \n\t\n\n\n\n<div class=\"section-container\"><div class=\"bde-div-641-107 bde-div\">\n  \n  \n\t\n\n\n\n<div class=\"bde-button-641-108 bde-button\">\n    \n                                    \n    \n    \n    \n    \n            \n                    \n            \n            \n\n    \n    \n    \n    \n    \n    <a class=\"breakdance-link button-atom button-atom--secondary bde-button__button\" href=\"#\" target=\"_self\" data-type=\"url\"  >\n\n    \n        <span class=\"button-atom__text\">\/Qui\u00e9nes somos<\/span>\n\n        \n        \n                <\/a>\n\n    \n\n\n<\/div><div class=\"bde-text-641-109 bde-text\">\nSomos un equipo de tres psic\u00f3logas comprometidas con tu bienestar integral. En nuestro gabinete, combinamos la psicolog\u00eda tradicional con enfoques hol\u00edsticos y mindfulness para ofrecer un enfoque completo para su salud mental y emocional.\n<\/div>\n<\/div><div class=\"bde-fancy-divider-641-131 bde-fancy-divider\">\n\n\n<div class=\"bde-fancy-divider__wrapper\">\n  <div class=\"bde-fancy-divider__separator   \">\n  \t  <\/div>\n<\/div>\n\n<\/div><div class=\"bde-columns-641-141 bde-columns\"><div class=\"bde-column-641-142 bde-column\">\n  \n  \n\t\n\n\n\n<h3 class=\"bde-heading-641-144 bde-heading\">\n\/visi\u00f3n\n<\/h3><div class=\"bde-text-641-148 bde-text\">\nNuestro enfoque hol\u00edstico nos permite considerar a cada persona en su totalidad, abordando no solo los s\u00edntomas emocionales, sino tambi\u00e9n los aspectos f\u00edsicos, mentales y espirituales de su bienestar. \n<\/div><div class=\"bde-text-641-149 bde-text\">\nCreemos firmemente en la importancia de promover la salud mental a trav\u00e9s de la prevenci\u00f3n y el autocuidado. Es por eso que ofrecemos herramientas y t\u00e9cnicas de mindfulness para ayudar a nuestros clientes a gestionar el estr\u00e9s, la ansiedad y otras dificultades emocionales.<br> <br>Creemos que al fomentar la conciencia plena y la atenci\u00f3n en el momento presente, podemos contribuir al bienestar emocional y mental de las personas. Nuestro objetivo es brindar apoyo y recursos para que puedan enfrentar los desaf\u00edos de la vida con mayor calma y claridad mental.<br>\n<\/div>\n<\/div><div class=\"bde-column-641-143 bde-column\">\n  \n  \n\t\n\n\n\n<h3 class=\"bde-heading-641-145 bde-heading\">\n\/misi\u00f3n\n<\/h3><div class=\"bde-text-641-146 bde-text\">\nEn nuestro gabinete, nos dedicamos a construir un refugio de confianza y calidez donde cada individuo pueda sumergirse en la exploraci\u00f3n de sus emociones, desaf\u00edos y aspiraciones personales. Entendemos que el camino hacia el autoconocimiento y el crecimiento personal puede ser complejo, por lo que nos comprometemos a ofrecerle un apoyo incondicional y las herramientas necesarias para fomentar una mayor conciencia de s\u00ed mismo. \n<\/div><div class=\"bde-text-641-147 bde-text\">\nNuestro objetivo es acompa\u00f1arte en cada paso de tu viaje, ayud\u00e1ndote a superar obst\u00e1culos y a descubrir nuevas perspectivas que mejoren tu calidad de vida y te permitan alcanzar tus metas con confianza y resiliencia.<br><br>Estamos aqu\u00ed para acompa\u00f1arte en tu viaje hacia el bienestar emocional y mental. Nuestro equipo de profesionales est\u00e1 comprometido a brindarte el apoyo y las herramientas necesarias para que puedas enfrentar los desaf\u00edos de la vida con mayor resiliencia y confianza. <br><br>No dudes en ponerte en contacto con nosotras para programar una consulta y comenzar su camino hacia una vida m\u00e1s equilibrada y plena. Juntos, exploraremos tus fortalezas y trabajaremos en tus \u00e1reas de mejora, siempre con empat\u00eda y comprensi\u00f3n. \u00a1Esperamos poder acompa\u00f1arte en tu proceso de crecimiento y transformaci\u00f3n, ayud\u00e1ndote a descubrir una versi\u00f3n m\u00e1s saludable y feliz de t\u00ed mismo!\n<\/div>\n<\/div><\/div><div class=\"bde-fancy-divider-641-150 bde-fancy-divider\">\n\n\n<div class=\"bde-fancy-divider__wrapper\">\n  <div class=\"bde-fancy-divider__separator   \">\n  \t  <\/div>\n<\/div>\n\n<\/div><\/div>\n<\/section><section class=\"bde-section-641-209 bde-section\">\n  \n  \n\t\n\n\n\n<div class=\"section-container\"><div class=\"bde-div-641-221 bde-div\">\n  \n  \n\t\n\n\n\n<div class=\"bde-div-641-222 bde-div\">\n  \n  \n\t\n\n\n\n<div class=\"bde-button-641-223 bde-button\">\n    \n                                    \n    \n    \n    \n    \n            \n                    \n            \n            \n\n    \n    \n    \n    \n    \n    <a class=\"breakdance-link button-atom button-atom--secondary bde-button__button\" href=\"https:\/\/breakdancelibrary.com\/traveltrip\/discover\/\" target=\"_self\" data-type=\"url\"  >\n\n    \n        <span class=\"button-atom__text\">\/Somos nosotras<\/span>\n\n        \n        \n                <\/a>\n\n    \n\n\n<\/div><h2 class=\"bde-dual-heading-641-224 bde-dual-heading\">\n\n\n            <span data-style=\"primary\" class=\"dual-heading--primary  \">Psic\u00f3logas de la<\/span>\n\n            <span data-style=\"secondary\" class=\"dual-heading--secondary  \">Isla Bonita<\/span>\n\n            <span data-style=\"primary\" class=\"dual-heading--primary  \">de La Palma<\/span>\n\n\n\n<\/h2>\n<\/div>\n<\/div><div class=\"bde-fancy-divider-641-226 bde-fancy-divider\">\n\n\n<div class=\"bde-fancy-divider__wrapper\">\n  <div class=\"bde-fancy-divider__separator   \">\n  \t  <\/div>\n<\/div>\n\n<\/div><div class=\"bde-div-641-227 bde-div\">\n  \n  \n\t\n\n\n\n<div class=\"bde-post-loop-641-290 bde-post-loop\">\n<div class=\"ee-posts ee-posts-grid\">    <article class=\"ee-post\">\n    <div class=\"bde-div-1070-100-263-1070-1 bde-div bde-div-1070-100\">\n  \n  \n\t\n\n\n\n<div class=\"bde-image-1070-101-263-1070-1 bde-image bde-image-1070-101\">\n<figure class=\"breakdance-image breakdance-image--976\">\n\t<div class=\"breakdance-image-container\">\n\t\t<div class=\"breakdance-image-clip\"><img decoding=\"async\" class=\"breakdance-image-object\" src=\"https:\/\/eatfmapbzg7.exactdn.com\/menteclara\/wp-content\/uploads\/2024\/06\/terapeuta-1.jpg?strip=all&lossy=1&ssl=1\" width=\"640\" height=\"960\" srcset=\"https:\/\/eatfmapbzg7.exactdn.com\/menteclara\/wp-content\/uploads\/2024\/06\/terapeuta-1.jpg?strip=all&lossy=1&ssl=1 640w, https:\/\/eatfmapbzg7.exactdn.com\/menteclara\/wp-content\/uploads\/2024\/06\/terapeuta-1-200x300.jpg?strip=all&lossy=1&ssl=1 200w, https:\/\/eatfmapbzg7.exactdn.com\/menteclara\/wp-content\/uploads\/2024\/06\/terapeuta-1.jpg?strip=all&lossy=1&w=128&ssl=1 128w, https:\/\/eatfmapbzg7.exactdn.com\/menteclara\/wp-content\/uploads\/2024\/06\/terapeuta-1.jpg?strip=all&lossy=1&w=256&ssl=1 256w, https:\/\/eatfmapbzg7.exactdn.com\/menteclara\/wp-content\/uploads\/2024\/06\/terapeuta-1.jpg?strip=all&lossy=1&w=384&ssl=1 384w, https:\/\/eatfmapbzg7.exactdn.com\/menteclara\/wp-content\/uploads\/2024\/06\/terapeuta-1.jpg?strip=all&lossy=1&w=512&ssl=1 512w\" sizes=\"(max-width: 640px) 100vw, 640px\"><\/div>\n\t<\/div><\/figure>\n\n<\/div><div class=\"bde-div-1070-102-263-1070-1 bde-div bde-div-1070-102\">\n  \n  \n\t\n\n\n\n<div class=\"bde-div-1070-103-263-1070-1 bde-div bde-div-1070-103\">\n  \n  \n\t\n\n\n\n<h3 class=\"bde-heading-1070-104-263-1070-1 bde-heading bde-heading-1070-104\">\nLeo V\u00e1squez Ejemplo\n<\/h3><div class=\"bde-text-1070-106-263-1070-1 bde-text bde-text-1070-106\">\nPsicolog\u00eda Adultos - Meditaci\u00f3n - Mindfulness\n<\/div>\n<\/div><div class=\"bde-fancy-divider-1070-107-263-1070-1 bde-fancy-divider bde-fancy-divider-1070-107\">\n\n\n<div class=\"bde-fancy-divider__wrapper\">\n  <div class=\"bde-fancy-divider__separator   \">\n  \t  <\/div>\n<\/div>\n\n<\/div><div class=\"bde-div-1070-108-263-1070-1 bde-div bde-div-1070-108\">\n  \n  \n\t\n\n\n\n<div class=\"bde-div-1070-109-263-1070-1 bde-div bde-div-1070-109\">\n  \n  \n\t\n\n\n\n<div class=\"bde-button-1070-116-263-1070-1 bde-button bde-button-1070-116\">\n    \n                                    \n    \n    \n    \n    \n            \n                    \n            \n                           \n                       \n                 \n\n    \n    \n    \n                    \n    \n    <a class=\"breakdance-link button-atom button-atom--primary bde-button__button\" href=\"#\" target=\"_self\" data-type=\"action\"  data-action='{\"type\":\"popup\",\"popupOptions\":{\"popupId\":\"73\",\"popupAction\":\"open\"}}' >\n\n    \n        <span class=\"button-atom__text\">\/Reserva<\/span>\n\n        \n        \n                <\/a>\n\n    \n\n\n<\/div>\n<\/div><div class=\"bde-div-1070-112-263-1070-1 bde-div bde-div-1070-112\">\n  \n  \n\t\n\n\n\n<div class=\"bde-button-1070-117-263-1070-1 bde-button bde-preset-fe3a7687-8199-4b39-b236-f9ca57dbb02a bde-button-1070-117\">\n    \n                                    \n    \n    \n    \n    \n            \n                    \n            \n            \n\n    \n    \n    \n    \n    \n    <a class=\"breakdance-link button-atom button-atom--custom bde-button__button\" href=\"https:\/\/demo.psicoweb.co\/menteclara\/consultor\/consultor-3\/\" target=\"_self\" data-type=\"url\"  >\n\n    \n        <span class=\"button-atom__text\">\/informaci\u00f3n<\/span>\n\n        \n        \n                <\/a>\n\n    \n\n\n<\/div>\n<\/div>\n<\/div>\n<\/div>\n<\/div>    <\/article>\n        <article class=\"ee-post\">\n    <div class=\"bde-div-1070-100-260-1070-1 bde-div bde-div-1070-100\">\n  \n  \n\t\n\n\n\n<div class=\"bde-image-1070-101-260-1070-1 bde-image bde-image-1070-101\">\n<figure class=\"breakdance-image breakdance-image--977\">\n\t<div class=\"breakdance-image-container\">\n\t\t<div class=\"breakdance-image-clip\"><img decoding=\"async\" class=\"breakdance-image-object\" src=\"https:\/\/eatfmapbzg7.exactdn.com\/menteclara\/wp-content\/uploads\/2024\/06\/terapeuta-2.jpg?strip=all&lossy=1&ssl=1\" width=\"640\" height=\"960\" srcset=\"https:\/\/eatfmapbzg7.exactdn.com\/menteclara\/wp-content\/uploads\/2024\/06\/terapeuta-2.jpg?strip=all&lossy=1&ssl=1 640w, https:\/\/eatfmapbzg7.exactdn.com\/menteclara\/wp-content\/uploads\/2024\/06\/terapeuta-2-200x300.jpg?strip=all&lossy=1&ssl=1 200w, https:\/\/eatfmapbzg7.exactdn.com\/menteclara\/wp-content\/uploads\/2024\/06\/terapeuta-2.jpg?strip=all&lossy=1&w=128&ssl=1 128w, https:\/\/eatfmapbzg7.exactdn.com\/menteclara\/wp-content\/uploads\/2024\/06\/terapeuta-2.jpg?strip=all&lossy=1&w=256&ssl=1 256w, https:\/\/eatfmapbzg7.exactdn.com\/menteclara\/wp-content\/uploads\/2024\/06\/terapeuta-2.jpg?strip=all&lossy=1&w=384&ssl=1 384w, https:\/\/eatfmapbzg7.exactdn.com\/menteclara\/wp-content\/uploads\/2024\/06\/terapeuta-2.jpg?strip=all&lossy=1&w=512&ssl=1 512w\" sizes=\"(max-width: 640px) 100vw, 640px\"><\/div>\n\t<\/div><\/figure>\n\n<\/div><div class=\"bde-div-1070-102-260-1070-1 bde-div bde-div-1070-102\">\n  \n  \n\t\n\n\n\n<div class=\"bde-div-1070-103-260-1070-1 bde-div bde-div-1070-103\">\n  \n  \n\t\n\n\n\n<h3 class=\"bde-heading-1070-104-260-1070-1 bde-heading bde-heading-1070-104\">\n\u00c1lex Su\u00e1rez Ejemplo\n<\/h3><div class=\"bde-text-1070-106-260-1070-1 bde-text bde-text-1070-106\">\nTerapia de Pareja - Terapia Breve - Terapia EMDR\n<\/div>\n<\/div><div class=\"bde-fancy-divider-1070-107-260-1070-1 bde-fancy-divider bde-fancy-divider-1070-107\">\n\n\n<div class=\"bde-fancy-divider__wrapper\">\n  <div class=\"bde-fancy-divider__separator   \">\n  \t  <\/div>\n<\/div>\n\n<\/div><div class=\"bde-div-1070-108-260-1070-1 bde-div bde-div-1070-108\">\n  \n  \n\t\n\n\n\n<div class=\"bde-div-1070-109-260-1070-1 bde-div bde-div-1070-109\">\n  \n  \n\t\n\n\n\n<div class=\"bde-button-1070-116-260-1070-1 bde-button bde-button-1070-116\">\n    \n                                    \n    \n    \n    \n    \n            \n                    \n            \n                           \n                       \n                 \n\n    \n    \n    \n                    \n    \n    <a class=\"breakdance-link button-atom button-atom--primary bde-button__button\" href=\"#\" target=\"_self\" data-type=\"action\"  data-action='{\"type\":\"popup\",\"popupOptions\":{\"popupId\":\"73\",\"popupAction\":\"open\"}}' >\n\n    \n        <span class=\"button-atom__text\">\/Reserva<\/span>\n\n        \n        \n                <\/a>\n\n    \n\n\n<\/div>\n<\/div><div class=\"bde-div-1070-112-260-1070-1 bde-div bde-div-1070-112\">\n  \n  \n\t\n\n\n\n<div class=\"bde-button-1070-117-260-1070-1 bde-button bde-preset-fe3a7687-8199-4b39-b236-f9ca57dbb02a bde-button-1070-117\">\n    \n                                    \n    \n    \n    \n    \n            \n                    \n            \n            \n\n    \n    \n    \n    \n    \n    <a class=\"breakdance-link button-atom button-atom--custom bde-button__button\" href=\"https:\/\/demo.psicoweb.co\/menteclara\/consultor\/consultor-2\/\" target=\"_self\" data-type=\"url\"  >\n\n    \n        <span class=\"button-atom__text\">\/informaci\u00f3n<\/span>\n\n        \n        \n                <\/a>\n\n    \n\n\n<\/div>\n<\/div>\n<\/div>\n<\/div>\n<\/div>    <\/article>\n        <article class=\"ee-post\">\n    <div class=\"bde-div-1070-100-236-1070-1 bde-div bde-div-1070-100\">\n  \n  \n\t\n\n\n\n<div class=\"bde-image-1070-101-236-1070-1 bde-image bde-image-1070-101\">\n<figure class=\"breakdance-image breakdance-image--1148\">\n\t<div class=\"breakdance-image-container\">\n\t\t<div class=\"breakdance-image-clip\"><img decoding=\"async\" class=\"breakdance-image-object\" src=\"https:\/\/eatfmapbzg7.exactdn.com\/menteclara\/wp-content\/uploads\/2024\/05\/pexels-olly-733872.jpg?strip=all&lossy=1&ssl=1\" width=\"1280\" height=\"853\" srcset=\"https:\/\/eatfmapbzg7.exactdn.com\/menteclara\/wp-content\/uploads\/2024\/05\/pexels-olly-733872.jpg?strip=all&lossy=1&ssl=1 1280w, https:\/\/eatfmapbzg7.exactdn.com\/menteclara\/wp-content\/uploads\/2024\/05\/pexels-olly-733872-300x200.jpg?strip=all&lossy=1&ssl=1 300w, https:\/\/eatfmapbzg7.exactdn.com\/menteclara\/wp-content\/uploads\/2024\/05\/pexels-olly-733872-1024x682.jpg?strip=all&lossy=1&ssl=1 1024w, https:\/\/eatfmapbzg7.exactdn.com\/menteclara\/wp-content\/uploads\/2024\/05\/pexels-olly-733872-768x512.jpg?strip=all&lossy=1&ssl=1 768w, https:\/\/eatfmapbzg7.exactdn.com\/menteclara\/wp-content\/uploads\/2024\/05\/pexels-olly-733872.jpg?strip=all&lossy=1&w=512&ssl=1 512w\" sizes=\"(max-width: 1280px) 100vw, 1280px\"><\/div>\n\t<\/div><\/figure>\n\n<\/div><div class=\"bde-div-1070-102-236-1070-1 bde-div bde-div-1070-102\">\n  \n  \n\t\n\n\n\n<div class=\"bde-div-1070-103-236-1070-1 bde-div bde-div-1070-103\">\n  \n  \n\t\n\n\n\n<h3 class=\"bde-heading-1070-104-236-1070-1 bde-heading bde-heading-1070-104\">\nRen\u00e9 Hern\u00e1ndez Ejemplo\n<\/h3><div class=\"bde-text-1070-106-236-1070-1 bde-text bde-text-1070-106\">\nPsicolog\u00eda Infantil - Psicolog\u00eda Juvenil - Yoga\n<\/div>\n<\/div><div class=\"bde-fancy-divider-1070-107-236-1070-1 bde-fancy-divider bde-fancy-divider-1070-107\">\n\n\n<div class=\"bde-fancy-divider__wrapper\">\n  <div class=\"bde-fancy-divider__separator   \">\n  \t  <\/div>\n<\/div>\n\n<\/div><div class=\"bde-div-1070-108-236-1070-1 bde-div bde-div-1070-108\">\n  \n  \n\t\n\n\n\n<div class=\"bde-div-1070-109-236-1070-1 bde-div bde-div-1070-109\">\n  \n  \n\t\n\n\n\n<div class=\"bde-button-1070-116-236-1070-1 bde-button bde-button-1070-116\">\n    \n                                    \n    \n    \n    \n    \n            \n                    \n            \n                           \n                       \n                 \n\n    \n    \n    \n                    \n    \n    <a class=\"breakdance-link button-atom button-atom--primary bde-button__button\" href=\"#\" target=\"_self\" data-type=\"action\"  data-action='{\"type\":\"popup\",\"popupOptions\":{\"popupId\":\"73\",\"popupAction\":\"open\"}}' >\n\n    \n        <span class=\"button-atom__text\">\/Reserva<\/span>\n\n        \n        \n                <\/a>\n\n    \n\n\n<\/div>\n<\/div><div class=\"bde-div-1070-112-236-1070-1 bde-div bde-div-1070-112\">\n  \n  \n\t\n\n\n\n<div class=\"bde-button-1070-117-236-1070-1 bde-button bde-preset-fe3a7687-8199-4b39-b236-f9ca57dbb02a bde-button-1070-117\">\n    \n                                    \n    \n    \n    \n    \n            \n                    \n            \n            \n\n    \n    \n    \n    \n    \n    <a class=\"breakdance-link button-atom button-atom--custom bde-button__button\" href=\"https:\/\/demo.psicoweb.co\/menteclara\/consultor\/consultor-1\/\" target=\"_self\" data-type=\"url\"  >\n\n    \n        <span class=\"button-atom__text\">\/informaci\u00f3n<\/span>\n\n        \n        \n                <\/a>\n\n    \n\n\n<\/div>\n<\/div>\n<\/div>\n<\/div>\n<\/div>    <\/article>\n    <\/div>\n\n<\/div>\n<\/div><div class=\"bde-button-641-273 bde-button\">\n    \n                                    \n    \n    \n    \n    \n            \n                    \n            \n            \n\n    \n    \n    \n    \n    \n    <a class=\"breakdance-link button-atom button-atom--primary bde-button__button\" href=\"https:\/\/demo.psicoweb.co\/menteclara\/nuestros-servicios\/\" target=\"_self\" data-type=\"url\"  >\n\n    \n        <span class=\"button-atom__text\">\/ver nuestros servicios<\/span>\n\n        \n        \n                <\/a>\n\n    \n\n\n<\/div><\/div>\n<\/section>","protected":false},"excerpt":{"rendered":"<p>\/Nuestro equipo Somos un equipo de psic\u00f3logas de La Palma a tu servicio \/Qui\u00e9nes somos Somos un equipo de tres psic\u00f3logas comprometidas con tu bienestar integral. En nuestro gabinete, combinamos la psicolog\u00eda tradicional con enfoques hol\u00edsticos y mindfulness para ofrecer un enfoque completo para su salud mental y emocional. \/visi\u00f3n Nuestro enfoque hol\u00edstico nos permite [&hellip;]<\/p>\n","protected":false},"author":1,"featured_media":0,"parent":0,"menu_order":0,"comment_status":"closed","ping_status":"closed","template":"","meta":{"_breakdance_hide_in_design_set":false,"_breakdance_tags":"","footnotes":""},"class_list":["post-641","page","type-page","status-publish","hentry"],"acpt":{"meta":[]},"_links":{"self":[{"href":"https:\/\/demo.psicoweb.co\/menteclara\/wp-json\/wp\/v2\/pages\/641","targetHints":{"allow":["GET"]}}],"collection":[{"href":"https:\/\/demo.psicoweb.co\/menteclara\/wp-json\/wp\/v2\/pages"}],"about":[{"href":"https:\/\/demo.psicoweb.co\/menteclara\/wp-json\/wp\/v2\/types\/page"}],"author":[{"embeddable":true,"href":"https:\/\/demo.psicoweb.co\/menteclara\/wp-json\/wp\/v2\/users\/1"}],"replies":[{"embeddable":true,"href":"https:\/\/demo.psicoweb.co\/menteclara\/wp-json\/wp\/v2\/comments?post=641"}],"version-history":[{"count":0,"href":"https:\/\/demo.psicoweb.co\/menteclara\/wp-json\/wp\/v2\/pages\/641\/revisions"}],"wp:attachment":[{"href":"https:\/\/demo.psicoweb.co\/menteclara\/wp-json\/wp\/v2\/media?parent=641"}],"curies":[{"name":"wp","href":"https:\/\/api.w.org\/{rel}","templated":true}]}}