{"id":59,"date":"2024-05-07T19:54:35","date_gmt":"2024-05-07T19:54:35","guid":{"rendered":"http:\/\/demo.psicoweb.co\/padresconscientes\/?page_id=59"},"modified":"2024-06-17T00:39:01","modified_gmt":"2024-06-16T23:39:01","slug":"servicios","status":"publish","type":"page","link":"https:\/\/demo.psicoweb.co\/padresconscientes\/servicios\/","title":{"rendered":"Servicios"},"content":{"rendered":"<section id=\"particles-js\" class=\"bde-section-59-100 bde-section\">\n              \n  \n  \n\t\n\n  <div class=\"section-background-overlay\"><\/div>\n\n\n<div class=\"section-container\"><div class=\"bde-code-block-59-101 bde-code-block\">\n\n  <style>\n.particles-js-canvas-el {\nwidth: 100%;\nheight: 100%;\nposition: absolute;\nz-index: 0;\ntop: 0;\n}\n<\/style>\n \n<script src=\"https:\/\/cdn.jsdelivr.net\/particles.js\/2.0.0\/particles.min.js\"><\/script>\n \n<script>\nparticlesJS(\"particles-js\", {\"particles\":{\"number\":{\"value\":80,\"density\":{\"enable\":true,\"value_area\":800}},\"color\":{\"value\":\"#ffffff\"},\"shape\":{\"type\":\"circle\",\"stroke\":{\"width\":0,\"color\":\"#000000\"},\"polygon\":{\"nb_sides\":5},\"image\":{\"src\":\"img\/github.svg\",\"width\":100,\"height\":100}},\"opacity\":{\"value\":0.5,\"random\":false,\"anim\":{\"enable\":false,\"speed\":1,\"opacity_min\":0.1,\"sync\":false}},\"size\":{\"value\":3,\"random\":true,\"anim\":{\"enable\":false,\"speed\":40,\"size_min\":0.1,\"sync\":false}},\"line_linked\":{\"enable\":true,\"distance\":150,\"color\":\"#ffffff\",\"opacity\":0.4,\"width\":1},\"move\":{\"enable\":true,\"speed\":6,\"direction\":\"none\",\"random\":false,\"straight\":false,\"out_mode\":\"out\",\"bounce\":false,\"attract\":{\"enable\":false,\"rotateX\":600,\"rotateY\":1200}}},\"interactivity\":{\"detect_on\":\"canvas\",\"events\":{\"onhover\":{\"enable\":true,\"mode\":\"repulse\"},\"onclick\":{\"enable\":true,\"mode\":\"push\"},\"resize\":true},\"modes\":{\"grab\":{\"distance\":400,\"line_linked\":{\"opacity\":1}},\"bubble\":{\"distance\":400,\"size\":40,\"duration\":2,\"opacity\":8,\"speed\":3},\"repulse\":{\"distance\":200,\"duration\":0.4},\"push\":{\"particles_nb\":4},\"remove\":{\"particles_nb\":2}}},\"retina_detect\":true});var count_particles, stats, update; stats = new Stats; stats.setMode(0); stats.domElement.style.position = 'absolute'; stats.domElement.style.left = '0px'; stats.domElement.style.top = '0px'; document.body.appendChild(stats.domElement); count_particles = document.querySelector('.js-count-particles'); update = function() { stats.begin(); stats.end(); if (window.pJSDom[0].pJS.particles && window.pJSDom[0].pJS.particles.array) { count_particles.innerText = window.pJSDom[0].pJS.particles.array.length; } requestAnimationFrame(update); }; requestAnimationFrame(update);;\n<\/script>\n\n\n<\/div><div class=\"bde-div-59-102 bde-div\">\n  \n  \n\t\n\n\n\n<div class=\"bde-div-59-103 bde-div\" data-entrance=\"slideUp\">\n  \n  \n\t\n\n\n\n<h1 class=\"bde-heading-59-104 bde-heading\" data-entrance=\"fade\">\nMis<br>Servicios\n<\/h1>\n<\/div><div class=\"bde-div-59-105 bde-div\">\n  \n  \n\t\n\n\n\n<div class=\"bde-button-59-106 bde-button\" data-entrance=\"fade\">\n    \n                                    \n    \n    \n    \n    \n            \n                    \n            \n            \n\n    \n    \n    \n    \n    \n    <a class=\"breakdance-link button-atom button-atom--custom bde-button__button\" href=\"#Section-1-servicios\" target=\"_self\" data-type=\"url\"  >\n\n    \n        <span class=\"button-atom__text\">Ver<\/span>\n\n                            \n        \n                <\/a>\n\n    \n\n\n<\/div>\n<\/div>\n<\/div><\/div>\n<\/section><section id=\"Section-1-servicios\" class=\"bde-section-59-107 bde-section\">\n  \n  \n\t\n\n\n\n<div class=\"section-container\"><div class=\"bde-columns-59-108 bde-columns\"><div class=\"bde-column-59-109 bde-column\">\n  \n  \n\t\n\n\n\n\n<\/div><div class=\"bde-column-59-110 bde-column\">\n              \n  \n  \n\t\n\n  <div class=\"section-background-overlay\"><\/div>\n\n\n<div class=\"bde-div-59-111 bde-div\">\n  \n  \n\t\n\n\n\n<h2 class=\"bde-heading-59-112 bde-heading\">\nCrianza Respetuosa\n<\/h2><div class=\"bde-text-59-113 bde-text\">\nMe encantar\u00eda acompa\u00f1arte en ese maravilloso viaje que es la crianza de tu hijo\/a. Me encantar\u00eda acompa\u00f1arte en ese maravilloso viaje que es la crianza de tu hijo\/a. Desde el primer latido que escuches en el embarazo hasta los primeros pasos y palabras de tu peque\u00f1o, estar\u00e9 a tu lado para ofrecerte apoyo y orientaci\u00f3n.\n<\/div><div class=\"bde-button-59-114 bde-button\">\n    \n                                    \n    \n    \n    \n    \n            \n                    \n            \n            \n\n    \n    \n    \n    \n    \n    <a class=\"breakdance-link button-atom button-atom--secondary bde-button__button\" href=\"https:\/\/demo.psicoweb.co\/padresconscientes\/crianza-respetuosa\/\" target=\"_self\" data-type=\"url\"  >\n\n    \n        <span class=\"button-atom__text\">Leer M\u00e1s<\/span>\n\n        \n        \n                <\/a>\n\n    \n\n\n<\/div>\n<\/div><div class=\"bde-image-59-115 bde-image\">\n<figure class=\"breakdance-image breakdance-image--733\">\n\t<div class=\"breakdance-image-container\">\n\t\t<div class=\"breakdance-image-clip\"><div class=\"breakdance-image__mask\"><img decoding=\"async\" class=\"breakdance-image-object\" src=\"https:\/\/eagdxzavzrq.exactdn.com\/padresconscientes\/wp-content\/uploads\/2024\/06\/bebe-3.jpg?strip=all&lossy=1&ssl=1\" width=\"1920\" height=\"1280\" srcset=\"https:\/\/eagdxzavzrq.exactdn.com\/padresconscientes\/wp-content\/uploads\/2024\/06\/bebe-3.jpg?strip=all&lossy=1&ssl=1 1920w, https:\/\/demo.psicoweb.co\/padresconscientes\/wp-content\/uploads\/2024\/06\/bebe-3-300x200.jpg 300w, https:\/\/demo.psicoweb.co\/padresconscientes\/wp-content\/uploads\/2024\/06\/bebe-3-1024x683.jpg 1024w, https:\/\/demo.psicoweb.co\/padresconscientes\/wp-content\/uploads\/2024\/06\/bebe-3-768x512.jpg 768w, https:\/\/demo.psicoweb.co\/padresconscientes\/wp-content\/uploads\/2024\/06\/bebe-3-1536x1024.jpg 1536w\" sizes=\"(max-width: 1920px) 100vw, 1920px\"><\/div><\/div>\n\t<\/div><\/figure>\n\n<\/div>\n<\/div><\/div><\/div>\n<\/section><section class=\"bde-section-59-116 bde-section\">\n  \n  \n\t\n\n\n\n<div class=\"section-container\"><div class=\"bde-columns-59-117 bde-columns\"><div class=\"bde-column-59-118 bde-column\">\n  \n  \n\t\n\n\n\n\n<\/div><div class=\"bde-column-59-119 bde-column\">\n              \n  \n  \n\t\n\n  <div class=\"section-background-overlay\"><\/div>\n\n\n<div class=\"bde-div-59-120 bde-div\">\n  \n  \n\t\n\n\n\n<h2 class=\"bde-heading-59-121 bde-heading\">\nPsicoterapia Individual \u2013Familias\u2013\n<\/h2><div class=\"bde-text-59-122 bde-text\">\nConvertirse en padres es un viaje lleno de desaf\u00edos y descubrimientos, y muchas veces nos encontramos incompletos o inseguros cuando llega ese momento crucial. \n<\/div><div class=\"bde-button-59-123 bde-button\">\n    \n                                    \n    \n    \n    \n    \n            \n                    \n            \n            \n\n    \n    \n    \n    \n    \n    <a class=\"breakdance-link button-atom button-atom--secondary bde-button__button\" href=\"https:\/\/demo.psicoweb.co\/padresconscientes\/psicoterapia-individual-familias\/\" target=\"_self\" data-type=\"url\"  >\n\n    \n        <span class=\"button-atom__text\">Leer M\u00e1s<\/span>\n\n        \n        \n                <\/a>\n\n    \n\n\n<\/div>\n<\/div><div class=\"bde-image-59-124 bde-image\">\n<figure class=\"breakdance-image breakdance-image--743\">\n\t<div class=\"breakdance-image-container\">\n\t\t<div class=\"breakdance-image-clip\"><div class=\"breakdance-image__mask\"><img decoding=\"async\" class=\"breakdance-image-object\" src=\"https:\/\/eagdxzavzrq.exactdn.com\/padresconscientes\/wp-content\/uploads\/2024\/06\/familia-2.jpg?strip=all&lossy=1&ssl=1\" width=\"1920\" height=\"1280\" srcset=\"https:\/\/eagdxzavzrq.exactdn.com\/padresconscientes\/wp-content\/uploads\/2024\/06\/familia-2.jpg?strip=all&lossy=1&ssl=1 1920w, https:\/\/demo.psicoweb.co\/padresconscientes\/wp-content\/uploads\/2024\/06\/familia-2-300x200.jpg 300w, https:\/\/demo.psicoweb.co\/padresconscientes\/wp-content\/uploads\/2024\/06\/familia-2-1024x683.jpg 1024w, https:\/\/demo.psicoweb.co\/padresconscientes\/wp-content\/uploads\/2024\/06\/familia-2-768x512.jpg 768w, https:\/\/demo.psicoweb.co\/padresconscientes\/wp-content\/uploads\/2024\/06\/familia-2-1536x1024.jpg 1536w\" sizes=\"(max-width: 1920px) 100vw, 1920px\"><\/div><\/div>\n\t<\/div><\/figure>\n\n<\/div>\n<\/div><\/div><\/div>\n<\/section><section class=\"bde-section-59-125 bde-section\">\n  \n  \n\t\n\n\n\n<div class=\"section-container\"><div class=\"bde-columns-59-126 bde-columns\"><div class=\"bde-column-59-127 bde-column\">\n  \n  \n\t\n\n\n\n\n<\/div><div class=\"bde-column-59-128 bde-column\">\n              \n  \n  \n\t\n\n  <div class=\"section-background-overlay\"><\/div>\n\n\n<div class=\"bde-div-59-129 bde-div\">\n  \n  \n\t\n\n\n\n<h2 class=\"bde-heading-59-130 bde-heading\">\nPsicoterapia Individual\n<\/h2><div class=\"bde-text-59-131 bde-text\">\nSer madre o ser padre es una experiencia profundamente transformadora que, aunque llena de momentos de alegr\u00eda y satisfacci\u00f3n, tambi\u00e9n puede desencadenar una serie de problemas emocionales y situaciones psicol\u00f3gicas complejas.\n<\/div><div class=\"bde-button-59-132 bde-button\">\n    \n                                    \n    \n    \n    \n    \n            \n                    \n            \n            \n\n    \n    \n    \n    \n    \n    <a class=\"breakdance-link button-atom button-atom--secondary bde-button__button\" href=\"https:\/\/demo.psicoweb.co\/padresconscientes\/psicoterapia-individual\/\" target=\"_self\" data-type=\"url\"  >\n\n    \n        <span class=\"button-atom__text\">Leer M\u00e1s<\/span>\n\n        \n        \n                <\/a>\n\n    \n\n\n<\/div>\n<\/div><div class=\"bde-image-59-133 bde-image\">\n<figure class=\"breakdance-image breakdance-image--747\">\n\t<div class=\"breakdance-image-container\">\n\t\t<div class=\"breakdance-image-clip\"><div class=\"breakdance-image__mask\"><img decoding=\"async\" class=\"breakdance-image-object\" src=\"https:\/\/eagdxzavzrq.exactdn.com\/padresconscientes\/wp-content\/uploads\/2024\/06\/mujer-2.jpg?strip=all&lossy=1&ssl=1\" width=\"1920\" height=\"1280\" srcset=\"https:\/\/eagdxzavzrq.exactdn.com\/padresconscientes\/wp-content\/uploads\/2024\/06\/mujer-2.jpg?strip=all&lossy=1&ssl=1 1920w, https:\/\/demo.psicoweb.co\/padresconscientes\/wp-content\/uploads\/2024\/06\/mujer-2-300x200.jpg 300w, https:\/\/demo.psicoweb.co\/padresconscientes\/wp-content\/uploads\/2024\/06\/mujer-2-1024x683.jpg 1024w, https:\/\/demo.psicoweb.co\/padresconscientes\/wp-content\/uploads\/2024\/06\/mujer-2-768x512.jpg 768w, https:\/\/demo.psicoweb.co\/padresconscientes\/wp-content\/uploads\/2024\/06\/mujer-2-1536x1024.jpg 1536w\" sizes=\"(max-width: 1920px) 100vw, 1920px\"><\/div><\/div>\n\t<\/div><\/figure>\n\n<\/div>\n<\/div><\/div><\/div>\n<\/section><section class=\"bde-section-59-134 bde-section\">\n  \n  \n\t\n\n\n\n<div class=\"section-container\"><div class=\"bde-columns-59-135 bde-columns\"><div class=\"bde-column-59-136 bde-column\">\n  \n  \n\t\n\n\n\n\n<\/div><div class=\"bde-column-59-137 bde-column\">\n              \n  \n  \n\t\n\n  <div class=\"section-background-overlay\"><\/div>\n\n\n<div class=\"bde-div-59-138 bde-div\">\n  \n  \n\t\n\n\n\n<h2 class=\"bde-heading-59-139 bde-heading\">\nCurso de Crianza Natural\n<\/h2><div class=\"bde-text-59-140 bde-text\">\nEl curso de crianza natural est\u00e1 dise\u00f1ado para proporcionar a los padres y cuidadores las herramientas y conocimientos necesarios para fomentar un desarrollo saludable y sostenible en los ni\u00f1os desde su nacimiento hasta la adolescencia.\n<\/div><div class=\"bde-button-59-141 bde-button\">\n    \n                                    \n    \n    \n    \n    \n            \n                    \n            \n            \n\n    \n    \n    \n    \n    \n    <a class=\"breakdance-link button-atom button-atom--secondary bde-button__button\" href=\"https:\/\/demo.psicoweb.co\/padresconscientes\/curso-de-crianza-natural\/\" target=\"_self\" data-type=\"url\"  >\n\n    \n        <span class=\"button-atom__text\">Leer M\u00e1s<\/span>\n\n        \n        \n                <\/a>\n\n    \n\n\n<\/div>\n<\/div><div class=\"bde-image-59-142 bde-image\">\n<figure class=\"breakdance-image breakdance-image--748\">\n\t<div class=\"breakdance-image-container\">\n\t\t<div class=\"breakdance-image-clip\"><div class=\"breakdance-image__mask\"><img decoding=\"async\" class=\"breakdance-image-object\" src=\"https:\/\/eagdxzavzrq.exactdn.com\/padresconscientes\/wp-content\/uploads\/2024\/06\/ninos-1.jpg?strip=all&lossy=1&ssl=1\" width=\"1920\" height=\"1280\" srcset=\"https:\/\/eagdxzavzrq.exactdn.com\/padresconscientes\/wp-content\/uploads\/2024\/06\/ninos-1.jpg?strip=all&lossy=1&ssl=1 1920w, https:\/\/demo.psicoweb.co\/padresconscientes\/wp-content\/uploads\/2024\/06\/ninos-1-300x200.jpg 300w, https:\/\/demo.psicoweb.co\/padresconscientes\/wp-content\/uploads\/2024\/06\/ninos-1-1024x683.jpg 1024w, https:\/\/demo.psicoweb.co\/padresconscientes\/wp-content\/uploads\/2024\/06\/ninos-1-768x512.jpg 768w, https:\/\/demo.psicoweb.co\/padresconscientes\/wp-content\/uploads\/2024\/06\/ninos-1-1536x1024.jpg 1536w\" sizes=\"(max-width: 1920px) 100vw, 1920px\"><\/div><\/div>\n\t<\/div><\/figure>\n\n<\/div>\n<\/div><\/div><\/div>\n<\/section>","protected":false},"excerpt":{"rendered":"<p>MisServicios Ver Crianza Respetuosa Me encantar\u00eda acompa\u00f1arte en ese maravilloso viaje que es la crianza de tu hijo\/a. Me encantar\u00eda acompa\u00f1arte en ese maravilloso viaje que es la crianza de tu hijo\/a. Desde el primer latido que escuches en el embarazo hasta los primeros pasos y palabras de tu peque\u00f1o, estar\u00e9 a tu lado para [&hellip;]<\/p>\n","protected":false},"author":1,"featured_media":0,"parent":0,"menu_order":0,"comment_status":"closed","ping_status":"closed","template":"","meta":{"_breakdance_hide_in_design_set":false,"_breakdance_tags":"","footnotes":""},"class_list":["post-59","page","type-page","status-publish","hentry"],"_links":{"self":[{"href":"https:\/\/demo.psicoweb.co\/padresconscientes\/wp-json\/wp\/v2\/pages\/59","targetHints":{"allow":["GET"]}}],"collection":[{"href":"https:\/\/demo.psicoweb.co\/padresconscientes\/wp-json\/wp\/v2\/pages"}],"about":[{"href":"https:\/\/demo.psicoweb.co\/padresconscientes\/wp-json\/wp\/v2\/types\/page"}],"author":[{"embeddable":true,"href":"https:\/\/demo.psicoweb.co\/padresconscientes\/wp-json\/wp\/v2\/users\/1"}],"replies":[{"embeddable":true,"href":"https:\/\/demo.psicoweb.co\/padresconscientes\/wp-json\/wp\/v2\/comments?post=59"}],"version-history":[{"count":0,"href":"https:\/\/demo.psicoweb.co\/padresconscientes\/wp-json\/wp\/v2\/pages\/59\/revisions"}],"wp:attachment":[{"href":"https:\/\/demo.psicoweb.co\/padresconscientes\/wp-json\/wp\/v2\/media?parent=59"}],"curies":[{"name":"wp","href":"https:\/\/api.w.org\/{rel}","templated":true}]}}